est common divisor of x and f.
7
Suppose 3*n = 4*n - 2. Suppose -r = 2*j + 7, -n + 15 = r - 2*j. Suppose -r*a + 150 = -81. What is the greatest common divisor of 7 and a?
7
Suppose -4*o - 4*a = -12, -o + 5*a + 17 = 2*o. Let x = 2 + 0. Let q be 1*34 - x/1. Calculate the highest common factor of q and o.
4
Let y be 2/7 - 754/(-7). Suppose -3*t + t + 2 = 0, t = 2*r - 35. Let n = -6 + r. Calculate the greatest common divisor of n and y.
12
Let r(f) = -22*f**2 - 2. Let p be r(3). Let k = p - -284. Calculate the highest common factor of 12 and k.
12
Suppose y + 8*y - 315 = 0. What is the highest common factor of y and 5?
5
Suppose -y + 2*y - 26 = -s, -s - 2*y + 27 = 0. Calculate the highest common divisor of s and 225.
25
Suppose 2*s = -s + 6. Suppose -138 + 12 = -s*w. Suppose 2*j - 4 = 14. What is the highest common factor of w and j?
9
Suppose 2*r = -0*q - 3*q + 18, 4*q = -5*r + 52. What is the highest common factor of r and 132?
12
Suppose 4*t = -l - 18, 0*t = -2*l - 2*t - 24. Let o = l + 7. Let n be 67 + o + 6 + -6. What is the greatest common divisor of n and 8?
8
Suppose -223 - 233 = -12*s. Calculate the highest common divisor of s and 57.
19
Suppose -4*f + y + 32 = 0, 34 = 3*f - f - 5*y. What is the highest common divisor of 112 and f?
7
Let l(a) = a**3 - a**2 - a + 30. Let c be l(0). Suppose y = -4*y. Suppose 2*x - 6 = -r, y = r + x + 4*x. Calculate the greatest common factor of r and c.
10
Suppose 4*f = -h - 0*h - 7, -f - 44 = -3*h. Calculate the highest common factor of 65 and h.
13
Suppose -2*y = -5 - 1. What is the highest common factor of 15 and y?
3
Suppose -2 + 0 = -w. Let q be 6 + (-3 - 0) + 1. Suppose 0 = -h - a + q, w*a = -3*h - 2*h + 17. What is the greatest common divisor of h and 6?
3
Let o = 28 - 9. Calculate the highest common factor of o and 133.
19
Let p(u) be the first derivative of 12*u**2 - 6. Let f be p(1). Calculate the greatest common divisor of 60 and f.
12
Suppose 3*q - 25 = 14. Let d = -225 + 322. Suppose -y + 20 = -d. What is the highest common factor of y and q?
13
Suppose -7 = -x + o, 3*o + 8 = 5*x - 17. Let q be 1*-3*(-2)/(-3). Let l be (q/4)/(x/(-56)). Calculate the greatest common factor of l and 56.
14
Let t be (16 + -6)*(2 + 0). What is the greatest common divisor of 220 and t?
20
Suppose 205 = 5*g + 3*x, 2*x - 127 = -3*g + x. Let j = g - 31. What is the greatest common divisor of 91 and j?
13
Let h = 13 + -8. What is the highest common factor of 15 and h?
5
Suppose l = -2*l + 33. Let v(g) be the first derivative of g**3 + 4*g**2 - 5*g + 2. Let n be v(-6). What is the greatest common factor of l and n?
11
Let w = 1 - 54. Let j = w - -77. What is the highest common divisor of 36 and j?
12
Let s(k) = k**3 - 4*k**2 + 4*k + 2. Suppose 9 + 3 = 4*f - x, 3*f = 2*x + 4. Let q be s(f). Calculate the highest common divisor of q and 27.
9
Let w = 11 + 9. What is the highest common divisor of 5 and w?
5
Let h be 24/5 + 3/15. Let m(z) = 26*z + 2. Let n be m(h). What is the greatest common divisor of 12 and n?
12
Let y be (19/(-1))/(1/(-8)). What is the highest common divisor of 38 and y?
38
Let w(o) = -o**2 + 7*o + 5. Let s be w(7). Let q(p) = 3*p - 2. Let u be q(3). Suppose -4*i + u = -13. What is the greatest common divisor of s and i?
5
Let a = -24 + 30. What is the highest common divisor of a and 6?
6
Let z(d) = 4*d + 25. Let n be z(4). Calculate the greatest common divisor of 164 and n.
41
Let s(o) = -o**3 - 7*o**2 - 3*o + 3. Let g be s(-7). Suppose t - g = -2*t. Calculate the greatest common divisor of 56 and t.
8
Let j be -4 + (3 - -1) + 56. Suppose -4*u = 9 - 1. Let p be -14*((-5)/2 - u). What is the greatest common factor of p and j?
7
Let j be (15 + 0)/5 + -2. Calculate the highest common divisor of j and 4.
1
Let a = 57 + -24. Calculate the highest common factor of 99 and a.
33
Let b(z) = -16*z + 4. Let a be b(-6). Calculate the highest common divisor of 40 and a.
20
Let c(t) = -t**2 - 5*t + 2. Let w be c(-5). Suppose 4*z - 2 = w. Let v be 5 - (-4 + z)/(-3). What is the highest common divisor of 1 and v?
1
Let a be (-12)/(-8)*96/9. Suppose 4*r + p = -p + 248, -a = -4*p. What is the greatest common factor of r and 15?
15
Let n = -75 - -194. Let m be -2 + 0 + (0 - -1). Let s be (2 + (-2 - m))*17. Calculate the highest common divisor of n and s.
17
Let q(d) = -d**3 - 5*d**2 - 6*d - 3. Let h be q(-4). Suppose 0 = -h*a - 0*a + 5, -3*a + 91 = o. Let g = 6 - -2. Calculate the highest common divisor of o and g.
8
Suppose 3*c + 3*f = 2*c + 9, 5*f + 87 = 4*c. Calculate the greatest common divisor of c and 2.
2
Suppose -5*f = -b - f - 5, -4 = -2*b + f. Suppose b*t = 2*t - 1. Let l be (22/3)/(t/(-3)). Calculate the greatest common factor of l and 11.
11
Suppose 2*m + m + 3*v = 657, -3*m = 5*v - 663. Calculate the greatest common factor of 24 and m.
24
Let t(l) = 4*l + 1. Let h be 6/10 + (-4)/(-10). Let r be t(h). What is the greatest common factor of r and 15?
5
Suppose 2*g - 80 = -6*g. What is the highest common divisor of 50 and g?
10
Let g(w) = -w**3 + 4*w**2 + 8*w. Let p be g(5). Calculate the greatest common factor of 75 and p.
15
Suppose -38 = -0*d + d. Let q = -26 - d. What is the highest common factor of 60 and q?
12
Let c(u) be the first derivative of -6*u**2 + 4*u - 5. Let o be c(-2). What is the highest common factor of 7 and o?
7
Suppose 0*f = 2*f - 42. Let o(k) = -8*k + 24. Let p be o(-18). What is the greatest common factor of p and f?
21
Suppose -12*y + 9*y + 126 = 0. Calculate the highest common factor of 12 and y.
6
Suppose -14*m = -9*m - 85. Calculate the highest common factor of m and 34.
17
Suppose 0 = n - 2*n - r, -r + 1 = 2*n. Suppose -w + 3 = -2*l - 2, -3*l = -w + n. Calculate the greatest common factor of 52 and w.
13
Let b(s) = -2*s**2 + s + 12. Let t(f) = 4*f**2 - f - 25. Let z(u) = -13*b(u) - 6*t(u). Let j be z(6). What is the highest common divisor of j and 12?
12
Suppose 118 = 2*m - m. Let y = -69 + m. Let t be (7/2)/((-8)/(-16)). Calculate the highest common divisor of t and y.
7
Suppose -3*m + 1 = -n, -4*n + 8*n - 5*m - 3 = 0. Calculate the greatest common divisor of 8 and n.
2
Let i(r) = -r**3 - 10*r**2 + 3*r - 11. Suppose 3*h + 22 = h. Let d be i(h). What is the highest common divisor of 11 and d?
11
Let b = 100 - 64. What is the highest common divisor of 9 and b?
9
Let m be ((-30)/(-9))/(2/15). What is the highest common divisor of 175 and m?
25
Let c(i) = i - 20 + 20. Let a be c(2). Suppose -a*d - d = -33. What is the highest common factor of 11 and d?
11
Suppose 0*z - z + 4 = 0. Suppose -3*g + 2 = -p, z = 4*g - 3*p + 3. Calculate the greatest common divisor of g and 1.
1
Let x be (0/(-1 - 1))/1. Let b(s) = -s**2 + 96. Let f be b(x). Let p be 426/27 + (-4)/(-18). What is the highest common divisor of f and p?
16
Suppose 0*h + 4*o + 26 = h, -40 = -2*h + 4*o. Calculate the highest common factor of 112 and h.
14
Suppose 0 = -5*z + 19 + 6. Let k(h) = h**3 - 3*h**2 - 5*h - 5. Let b be k(z). Let s = b - 10. What is the highest common factor of s and 2?
2
Suppose s + 3*s = l - 32, l = -s + 12. What is the highest common factor of 24 and l?
8
Let o be (-583)/(-33) - 2/(-6). What is the highest common divisor of 72 and o?
18
Let o(n) = n**3 - 7*n**2 - 7*n + 1. Let f be o(8). Let c = f + -9. Suppose 2*d - 13 - 11 = c. Calculate the greatest common divisor of d and 8.
4
Let n = 21 + -13. Suppose 36*f = 26*f + 10. What is the highest common factor of n and f?
1
Suppose 80 + 102 = 2*z. Calculate the greatest common factor of 13 and z.
13
Let a = -114 - -387. What is the greatest common factor of 39 and a?
39
Suppose 4*m - 30 = -0*o - 2*o, 0 = -5*o + 5*m. Let y = -2 + o. Suppose -44 = -2*a - y*b, 3*a + 32 = 4*a - b. What is the highest common factor of a and 70?
14
Suppose -2*x = x + 4*w - 114, -4*w = -2*x + 56. What is the highest common divisor of x and 102?
34
Let f(g) = -g**3 - 14*g**2 - 13*g + 7. Let s be f(-14). Calculate the greatest common factor of 27 and s.
27
Let p be 0*(-3 - 0)/(-3). Suppose -v + p*v + 153 = 0. Calculate the highest common divisor of 17 and v.
17
Let h = 7 - 1. What is the greatest common divisor of 48 and h?
6
Let b(y) = y**3 - 4*y**2 + 2*y + 3. Let n be b(4). Suppose 476 - 475 = l. Calculate the highest common factor of n and l.
1
Suppose 17 = 3*c - 19. Calculate th